{"id":201,"date":"2017-11-28T09:37:28","date_gmt":"2017-11-28T06:37:28","guid":{"rendered":"http:\/\/www.adi-maramures.ro\/?page_id=201"},"modified":"2025-05-06T10:11:43","modified_gmt":"2025-05-06T07:11:43","slug":"comitetul-director","status":"publish","type":"page","link":"https:\/\/www.adi-maramures.ro\/?page_id=201","title":{"rendered":"Consiliul Director"},"content":{"rendered":"<p><strong> CONSILIUL DIRECTOR<\/strong> este organul executiv de conducere al Asocia\u0163iei, format din Pre\u015fedintele Asocia\u0163iei \u015fi \u00eenc\u0103 6 (\u015fase) membri numi\u0163i de Adunarea General\u0103 pe o perioada de 4 ani. Componen\u0163a Consiliului Director va asigura c\u00e2t mai bine reprezentativitatea \u00een cadrul acestui organ a tuturor membrilor Asocia\u0163iei, utiliz\u00e2nd principiul reprezent\u0103rii prin rota\u0163ie.Pre\u015fedintele Asocia\u0163iei este \u015fi Pre\u015fedinte al Consiliului Director.<\/p>\n<p>Consiliul Director care va conduce \u015fi administra asocia\u0163ia va avea urm\u0103toarea componen\u0163\u0103 :<\/p>\n<ol>\n<li>Domnul Doru Ioan D\u0103ncu\u0219, pre\u015fedinte, primar al municipiului Baia Mare,<\/li>\n<li>Domnul Gabriel Valer Zetea, membru, pre\u015fedinte al CJ Maramure\u015f,<\/li>\n<li>Domnul Moldovan Vasile, primar al municipiului Sighetu Marma\u0163iei,<\/li>\n<li>Doamna Tulbure Gabriela, membru, primar al ora\u015fului Seini,<\/li>\n<li>Domnul Vlad-Andrei Herman, membru, primar al ora\u015fului T\u00e2rgu L\u0103pu\u0219,<\/li>\n<li>Domnul Nelu Radu Drago\u0219, membru, primar al comunei G\u00e2rdani,<\/li>\n<li>Domnul Felician Gheorghe Ciceu, membru, primar al comunei Dumbr\u0103vi\u021ba.<\/li>\n<\/ol>\n\n\n<p><\/p>\n","protected":false},"excerpt":{"rendered":"<p>CONSILIUL DIRECTOR este organul executiv de conducere al Asocia\u0163iei, format din Pre\u015fedintele Asocia\u0163iei \u015fi \u00eenc\u0103 6 (\u015fase) membri numi\u0163i de Adunarea General\u0103 pe o perioada de 4 ani. Componen\u0163a Consiliului Director va asigura c\u00e2t mai bine reprezentativitatea \u00een cadrul acestui organ a tuturor membrilor Asocia\u0163iei, utiliz\u00e2nd principiul reprezent\u0103rii prin rota\u0163ie.Pre\u015fedintele Asocia\u0163iei este \u015fi Pre\u015fedinte al [&hellip;]<\/p>\n","protected":false},"author":1,"featured_media":0,"parent":134,"menu_order":0,"comment_status":"closed","ping_status":"closed","template":"","meta":{"footnotes":""},"class_list":["post-201","page","type-page","status-publish","hentry"],"_links":{"self":[{"href":"https:\/\/www.adi-maramures.ro\/index.php?rest_route=\/wp\/v2\/pages\/201"}],"collection":[{"href":"https:\/\/www.adi-maramures.ro\/index.php?rest_route=\/wp\/v2\/pages"}],"about":[{"href":"https:\/\/www.adi-maramures.ro\/index.php?rest_route=\/wp\/v2\/types\/page"}],"author":[{"embeddable":true,"href":"https:\/\/www.adi-maramures.ro\/index.php?rest_route=\/wp\/v2\/users\/1"}],"replies":[{"embeddable":true,"href":"https:\/\/www.adi-maramures.ro\/index.php?rest_route=%2Fwp%2Fv2%2Fcomments&post=201"}],"version-history":[{"count":6,"href":"https:\/\/www.adi-maramures.ro\/index.php?rest_route=\/wp\/v2\/pages\/201\/revisions"}],"predecessor-version":[{"id":786,"href":"https:\/\/www.adi-maramures.ro\/index.php?rest_route=\/wp\/v2\/pages\/201\/revisions\/786"}],"up":[{"embeddable":true,"href":"https:\/\/www.adi-maramures.ro\/index.php?rest_route=\/wp\/v2\/pages\/134"}],"wp:attachment":[{"href":"https:\/\/www.adi-maramures.ro\/index.php?rest_route=%2Fwp%2Fv2%2Fmedia&parent=201"}],"curies":[{"name":"wp","href":"https:\/\/api.w.org\/{rel}","templated":true}]}}